{"id":464,"date":"2023-01-22T11:15:39","date_gmt":"2023-01-22T10:15:39","guid":{"rendered":"https:\/\/www.jamesponiard-peintre.com\/?page_id=464"},"modified":"2025-11-24T10:03:32","modified_gmt":"2025-11-24T09:03:32","slug":"profil","status":"publish","type":"page","link":"https:\/\/www.jamesponiard-peintre.com\/?page_id=464","title":{"rendered":"Profil"},"content":{"rendered":"\n<p><strong>TEXTE DE JEANNE BENAMEUR<\/strong><\/p>\n\n\n\n<p>Vous l\u2019avez peut-\u00eatre d\u00e9j\u00e0 crois\u00e9 ici ou l\u00e0 dans la vieille ville ou \u00e0 la Pallice mais peut-\u00eatre ne l\u2019avez-vous pas remarqu\u00e9. James est un peintre discret. Il voyage l\u00e9ger, chevalet et mat\u00e9riel sur son v\u00e9lo.<\/p>\n\n\n\n<p>Quand il s\u2019installe, il se fond entre pierre et lumi\u00e8re.<\/p>\n\n\n\n<p>Avant de commencer \u00e0 peindre, il a longuement cherch\u00e9 la place juste, celle d\u2019o\u00f9 il pourra saisir quelque chose du lieu qui l\u2019attire.<\/p>\n\n\n\n<p>Il choisit l\u2019angle o\u00f9 poser le regard. Il choisit la lumi\u00e8re.<\/p>\n\n\n\n<p>Il peint et voil\u00e0 une place, une rue que nous connaissons bien, des lieux que nous traversons sans plus les voir, qui nous sont redonn\u00e9s. James permet un regard neuf sur la ville. Nous la red\u00e9couvrons . Secr\u00e8te. Tendre. D\u2019une beaut\u00e9 inattendue.<\/p>\n\n\n\n<p>Quand j\u2019ai pu contempler ces aquarelles, j\u2019ai \u00e9t\u00e9 \u00e9mue car c\u2019est aussi la ville de mon enfance que j\u2019ai retrouv\u00e9e. Ma ville de c\u0153ur. J\u2019ai retrouv\u00e9 le bout de notre rue comme je le voyais, avec la Grosse Horloge qui ouvrait sur le port. J\u2019ai retrouv\u00e9 la paix et la douceur qui m\u2019ont accueillie, petite fille et qui m\u2019ont aid\u00e9e \u00e0 retrouver la joie qu\u2019une guerre avait balay\u00e9e.<\/p>\n\n\n\n<p>Un regard neuf et pourtant l\u2019esprit des lieux, intemporel, qui demeure. C\u2019est cette alliance que j\u2019aime dans le travail attentif de James. C\u2019est subtil. Ne vous y trompez pas. Ce qui para\u00eet si simple ne se donne que parce qu\u2019il y a eu un travail exigeant. Et c\u2019est l\u2019\u00e9l\u00e9gance discr\u00e8te du peintre de nous offrir le fruit de son travail sans que nous en sentions le poids.<\/p>\n\n\n\n<p><a><\/a> Il y a une pr\u00e9sence dans les aquarelles de James. C\u2019est l\u2019esprit des lieux qui s\u2019offre dans les couleurs et les formes. C\u2019est aussi la pr\u00e9sence attentive d\u2019un homme qui regarde le monde et l\u2019aime.<\/p>\n\n\n\n<p>Je le remercie par ce texte des moments de contemplation et de r\u00eave qu\u2019il offre.<\/p>\n\n\n\n<p>Jeanne<\/p>\n\n\n\n<p><strong>James Poniard<\/strong> est n\u00e9 \u00e0 La Rochelle.<\/p>\n\n\n\n<p>Formation \u00e0 l\u2019\u00e9cole nationale des beaux-arts de Bourges. Atelier de peinture.<\/p>\n\n\n\n<p>Enseigne les arts plastiques dans l\u2019acad\u00e9mie d\u2019Orl\u00e9ans-Tours de 1975 \u00e0 2012<\/p>\n\n\n\n<p>Enseigne le dessin d\u2019observation botanique \u00e0 l\u2019Ecole des Plantes de Paris jusqu\u2019en 2020<\/p>\n\n\n\n<p>1972 Ch\u00e2teau de Boucard. Cher<\/p>\n\n\n\n<p>MJC. Vichy<\/p>\n\n\n\n<p>Maison de la culture de Bourges<\/p>\n\n\n\n<p>1974 Galerie VRAC. Rochefort (expo personnelle)<\/p>\n\n\n\n<p>1976 Maison de la culture de Bourges<\/p>\n\n\n\n<p>1977 Galerie \u00ab&nbsp;D\u00e9p\u00f4t.&nbsp;\u00bb Bourges<\/p>\n\n\n\n<p>Centre Cantarel. Avignon<\/p>\n\n\n\n<p>Galerie&nbsp;\u00ab&nbsp; La Forge&nbsp;\u00bb. Marseille<\/p>\n\n\n\n<p>64 Rue de Rome. Paris<\/p>\n\n\n\n<p>Mus\u00e9e des Beaux-arts. Rochefort<\/p>\n\n\n\n<p>1978 Salon de la jeune peinture. Paris<\/p>\n\n\n\n<p>MJC. Vierzon<\/p>\n\n\n\n<p>D\u00e9p\u00f4t. Bourges(expo personnelle)<\/p>\n\n\n\n<p>59 rue de Rivoli Paris<\/p>\n\n\n\n<p>1979 MJC. Vierzon<\/p>\n\n\n\n<p>1980 galerie\u00ab&nbsp;D\u00e9p\u00f4t&nbsp;\u00bb. Bourges<\/p>\n\n\n\n<p>1981 \u00ab&nbsp;Attention aux artistes&nbsp;\u00bb. Tours<\/p>\n\n\n\n<p>1982 Centre d\u2019animation des Fontaines. Tours (expo personnelle)<\/p>\n\n\n\n<p>\u00ab&nbsp;Tours Multiple&nbsp;\u00bb.Tours<\/p>\n\n\n\n<p>1983 Grand Boulevard. Bourges (expo personnelle)<\/p>\n\n\n\n<p>1990 Salle saint Andr\u00e9. Ch\u00e2teaudun (expo personnelle)<\/p>\n\n\n\n<p>2003 Salon des arts Plastiques du Mans<\/p>\n\n\n\n<p>2004 Salon Peinture et R\u00e9alit\u00e9. Chartres<\/p>\n\n\n\n<p>2004 Mus\u00e9e du Ch\u00e2teau Saint Jean. Nogent le Rotrou (expo personnelle).<\/p>\n\n\n\n<p>2005 Salon Peinture et R\u00e9alit\u00e9. Chartres<\/p>\n\n\n\n<p>Office du tourisme Courville \/Eure<\/p>\n\n\n\n<p>2006 galerie \u00ab&nbsp;Mise en \u0153uvre&nbsp;\u00bb \u00ab&nbsp;Vanit\u00e9s&nbsp;\u00bb<\/p>\n\n\n\n<p>2007 Manoir du Pontgirard<\/p>\n\n\n\n<p>2011 Galerie \u00ab&nbsp;Mis en \u0153uvre&nbsp;\u00bb \u00ab&nbsp;Le verre d\u2019eau&nbsp;\u00bb<\/p>\n\n\n\n<p>2014 Blois expo \u00ab&nbsp;ma mer&nbsp;\u00bb<\/p>\n\n\n\n<p>2016 Exposition au \u00ab&nbsp;Hangar 27&nbsp;\u00bb<\/p>\n\n\n\n<p>2017 Maison du grand port autonome, Portraits des marins du \u00ab&nbsp;Sider Pink&nbsp;\u00bb<\/p>\n\n\n\n<p>2018 Maison du grand port autonome La Rochelle \u00ab&nbsp;Cargo&nbsp;\u00bb Peintures,<\/p>\n\n\n\n<p>2023 Porte Maubec La Rochelle<\/p>\n\n\n\n<p>2025 Galerie Julie Bazin Rue Fleuriau La Rochelle (Exposition permanente)<\/p>\n\n\n\n<p>2025 Galerie Herv\u00e9 Rue du Cherche Midi Paris (Exposition permanente)<\/p>\n","protected":false},"excerpt":{"rendered":"<p>TEXTE DE JEANNE BENAMEUR Vous l\u2019avez peut-\u00eatre d\u00e9j\u00e0 crois\u00e9 ici ou l\u00e0 dans la vieille ville ou \u00e0 la Pallice mais peut-\u00eatre ne l\u2019avez-vous pas remarqu\u00e9. James est un peintre discret. Il voyage l\u00e9ger, chevalet et mat\u00e9riel sur son v\u00e9lo. Quand il s\u2019installe, il se fond entre pierre et lumi\u00e8re. Avant de commencer \u00e0 peindre, [&hellip;]<\/p>\n","protected":false},"author":1,"featured_media":0,"parent":0,"menu_order":29,"comment_status":"closed","ping_status":"closed","template":"","meta":{"footnotes":""},"class_list":["post-464","page","type-page","status-publish","hentry"],"_links":{"self":[{"href":"https:\/\/www.jamesponiard-peintre.com\/index.php?rest_route=\/wp\/v2\/pages\/464","targetHints":{"allow":["GET"]}}],"collection":[{"href":"https:\/\/www.jamesponiard-peintre.com\/index.php?rest_route=\/wp\/v2\/pages"}],"about":[{"href":"https:\/\/www.jamesponiard-peintre.com\/index.php?rest_route=\/wp\/v2\/types\/page"}],"author":[{"embeddable":true,"href":"https:\/\/www.jamesponiard-peintre.com\/index.php?rest_route=\/wp\/v2\/users\/1"}],"replies":[{"embeddable":true,"href":"https:\/\/www.jamesponiard-peintre.com\/index.php?rest_route=%2Fwp%2Fv2%2Fcomments&post=464"}],"version-history":[{"count":8,"href":"https:\/\/www.jamesponiard-peintre.com\/index.php?rest_route=\/wp\/v2\/pages\/464\/revisions"}],"predecessor-version":[{"id":1179,"href":"https:\/\/www.jamesponiard-peintre.com\/index.php?rest_route=\/wp\/v2\/pages\/464\/revisions\/1179"}],"wp:attachment":[{"href":"https:\/\/www.jamesponiard-peintre.com\/index.php?rest_route=%2Fwp%2Fv2%2Fmedia&parent=464"}],"curies":[{"name":"wp","href":"https:\/\/api.w.org\/{rel}","templated":true}]}}